actors of i.
2, 17
Let f(d) = -156*d**2 - 4*d - 3. Let q be f(-1). Let c = q + 228. What are the prime factors of c?
73
Let a(o) = -o**3 + 9*o**2 + 11*o - 22. Let d be 6/(-4)*(0 - 6). What are the prime factors of a(d)?
7, 11
What are the prime factors of (747 - -3)*5/15?
2, 5
List the prime factors of (-13 - 459/(-36))*(0 - 68).
17
Let t(f) be the third derivative of -f**6/30 - f**5/15 - f**4/8 - f**3/2 - 6*f**2. List the prime factors of t(-3).
2, 3, 13
Let l = -706 + 1186. What are the prime factors of l?
2, 3, 5
Let y = 15 + -9. Let a(r) = 11*r + 13. Let i be a(-1). List the prime factors of y/i + 132/12.
2, 7
List the prime factors of (420/(-56))/(-3*2/3532).
5, 883
Suppose -317 = -z + p, -823 = -4*z + 2*p + 453. What are the prime factors of z?
3, 107
Suppose 0 = -v + 2*c + 20, v + 5*c - 22 + 2 = 0. List the prime factors of 3174/15 - (48/v)/(-6).
2, 53
Let o be (15 - -1)/(2/(-5)). Let t = 46 - o. What are the prime factors of t/10 + (-2)/(-5)?
3
Let p(b) = 5*b**3 - 22*b + 3. What are the prime factors of p(5)?
2, 7, 37
Suppose -4*w - 3*q = -2*q - 263, -2*w + 5*q = -137. Let u = 116 - w. List the prime factors of u.
2, 5
Suppose -7*u = -2188 - 2110. What are the prime factors of u?
2, 307
Suppose 0*c = -4*c + 12. Suppose 0*d = -c*d + 6. Suppose 0 = d*n - 3 - 15. What are the prime factors of n?
3
Suppose 0 = 2*c - 4*n - 32, n - 86 = -5*c + 5*n. Suppose c = m - 4. List the prime factors of m.
2, 11
Let m = -2371 - -5872. List the prime factors of m.
3, 389
Let v = 21 + 340. List the prime factors of v.
19
Let f(s) = 12*s**2 - 3*s + 1. Let k(z) = 13*z**2 - 3*z + 1. Let x(h) = -3*f(h) + 4*k(h). Let r be x(4). Suppose -w - r = -6*w. List the prime factors of w.
7
What are the prime factors of 4/24*632*(17 - 14)?
2, 79
Let m(z) = -z**2 - 3*z + 8. Let g be m(-4). Suppose -316 = -g*s - 3*k, -7*k = 2*s - 4*k - 158. List the prime factors of s.
79
Let f(b) = 124*b**2 - 6*b - 13. Let k be f(-2). Let n = k - 256. What are the prime factors of n?
239
Suppose 2*z + 37 - 39 = 0, -z = 2*g - 2063. What are the prime factors of g?
1031
Let q(f) = 42*f + 165. List the prime factors of q(6).
3, 139
Suppose -k + 2*k + 5*d + 2 = 0, -5*k + 19 = -4*d. Let y be (-14)/(-4)*(k - 1). Let l = 33 + y. What are the prime factors of l?
2, 5
Let q be (2/(-4))/(2/12). Let s be (-27)/(-18)*(-4)/q. Suppose -4*u + 86 = 4*j - 174, -s*j = 4*u - 254. List the prime factors of u.
2, 31
List the prime factors of 232368/423*1/(-2)*-3.
2, 103
Let f(o) = -2*o - 14. Let l be f(-9). Let d be (l + 120/(-28))*-7. Suppose 0 = 2*r + d*w - 92, -3*r - w + 187 = r. What are the prime factors of r?
47
Let i = 124 + -69. List the prime factors of i.
5, 11
Let u(t) = -110*t + 22. List the prime factors of u(-4).
2, 3, 7, 11
Let i(w) be the third derivative of w**5/20 + w**4/3 + 2*w**3/3 + 5*w**2. Let v(b) = b**2 + 7*b + 2. Let f be v(-6). What are the prime factors of i(f)?
2, 5
Let x = 469 + -265. What are the prime factors of x?
2, 3, 17
Let b = 1222 + -460. What are the prime factors of b?
2, 3, 127
Let c(q) = -4 + 4 + q**2 + 2 + 4 + 3*q. Let g be c(-3). Suppose 0 = -g*y + 2*y + 152. What are the prime factors of y?
2, 19
Suppose -5*m - 413 = -3*x, -4*m - 518 = -3*x - 109. Suppose 3*k = x + 79. List the prime factors of k.
2, 5, 7
Let s be 3/1 - (0 + 22). Let a(c) = c**2 + 20*c + 21. Let f be a(s). Suppose 4*w = 2*k - 100, -45 - 30 = -f*k - w. What are the prime factors of k?
2, 5
Suppose -3*o + 323 + 283 = 0. What are the prime factors of o?
2, 101
Suppose 15 = 23*r - 26*r. List the prime factors of (r - -55)*12/5.
2, 3, 5
Suppose 3*i - 2*i = 1. Let n be 303/12 - i/4. Suppose n = p - 5. List the prime factors of p.
2, 3, 5
Let k(i) = 6*i + 1. Let u be k(-1). Let t(a) be the third derivative of a**5/30 + a**4/6 + 3*a**3/2 + 9*a**2. List the prime factors of t(u).
3, 13
Let r be 4 + 3 + -1 - 4. Suppose -12 = 3*t + 3*u, 5*u = -4*t - 15 + r. Let a = t + 21. What are the prime factors of a?
2, 7
Suppose -4*k = -0*o - 4*o + 340, 2*k = -6. Let i = -44 + o. List the prime factors of i.
2, 19
Let f(h) = -h**2 + 11*h - 8. Let m be f(7). Suppose n = m - 8. List the prime factors of n.
2, 3
Let s = -20 - -22. Suppose 0 = -4*g - s*m + 14, 30 = 3*g - 2*m - 3*m. What are the prime factors of g?
5
Suppose 4*j - 124 - 68 = 0. Let n be ((-4)/(-3))/(2/(-42)). Let i = j + n. List the prime factors of i.
2, 5
Suppose 0 = -2*j + 3*d + 134, -2*d - 96 = -j - 29. Let c = -15 + 54. Let f = j - c. List the prime factors of f.
2, 7
Let r(o) = o**2 + 114. Let h(j) = -4*j**2 + j - 457. Let c(y) = 2*h(y) + 9*r(y). Let l be c(0). Suppose 6*m - 2*m - l = 0. What are the prime factors of m?
2, 7
Let n(b) = -b**2 - 7*b - 6. Let p be n(-4). Suppose -9*w = -10*w - 216. List the prime factors of (-28)/p*w/84.
2, 3
Suppose 10050 = x + 4*s, -3*x = 2*x - 4*s - 50346. What are the prime factors of 4/30 - x/(-105)?
2, 3
Let t(w) = 38*w + 16. Suppose 5*p + 16 = 4*b + 1, 11 = 3*b - 4*p. What are the prime factors of t(b)?
2, 103
Suppose 11*j = 2418 + 1927. What are the prime factors of j?
5, 79
Let m(l) = 5*l - 2. Let d(t) = -29*t + 10. Let u(c) = 30*c - 10. Let x(w) = 4*d(w) + 3*u(w). Let i(b) = -16*m(b) - 3*x(b). List the prime factors of i(-4).
2, 5
Let f = -490 - -699. Let p = f + -95. List the prime factors of p.
2, 3, 19
Let r = 451 + 502. What are the prime factors of r?
953
Let f = -174 - -562. List the prime factors of f.
2, 97
Suppose -3*h - 4*v = 2 + 3, 5*h - 3 = -v. What are the prime factors of h/((0 + -3)/(-84))?
2, 7
Let v be (-14)/(-10) + (-30)/(-50). Suppose -v*y = -5*y + 393. List the prime factors of y.
131
Let b(p) = -39*p**2 - 4*p + 3. Let l be b(2). Let r = l - -228. What are the prime factors of r?
67
What are the prime factors of (-56)/(((-8)/124)/1)?
2, 7, 31
Let r(k) = -k**3 - 5*k**2 - 2*k + 737. Let l be r(0). Let q = l + -512. List the prime factors of q.
3, 5
Let z = 37 + -34. Let m be 1 - (-1 - (z - 3)). Let d = m - -60. What are the prime factors of d?
2, 31
Suppose -2*f + 11 = -31. Let c be 810/(-7) - 6/f. Let p = -74 - c. List the prime factors of p.
2, 3, 7
Let g(b) = -b + 44. Let m be ((-837)/12)/9 - (-2)/(-8). What are the prime factors of g(m)?
2, 13
Suppose -159*g - 18392 = -167*g. List the prime factors of g.
11, 19
Suppose -590*p = -610*p + 71260. What are the prime factors of p?
7, 509
Let l(x) = -x**3 + 12*x**2 + x - 16. Let v be l(12). What are the prime factors of (-814)/(-10) + 5/50*v?
3
List the prime factors of 23778/12 - 18 - (-1)/2.
2, 491
Suppose 0 = 3*v - 5*v + 5*q + 6, q = 2*v - 6. Suppose -v*b - 5*l - 37 = -4*b, -l = 2*b - 52. What are the prime factors of b?
3
Let r(y) = -2*y**3 + 26*y**2 - 19*y - 37. List the prime factors of r(-8).
2803
Let w = -24 - -53. Let i = 106 + w. What are the prime factors of i?
3, 5
Suppose 6*w - 12 = -0*w. Suppose -3*z = -5*i - 34, w*i - 15 = 5*i. Suppose -40 = -y + 3*d, 0 = z*y - d - 122 + 34. List the prime factors of y.
2, 7
Let t(o) be the first derivative of o**4/4 + o**3 - 3*o**2 - 4*o + 6. Let b be t(-4). Suppose -j + 60 = b*j. List the prime factors of j.
2, 3
Let t = 12 + -15. Let p = t - -6. Suppose p*z = 9 + 9. List the prime factors of z.
2, 3
Let s(r) = 55*r**2 - 117*r - 678. List the prime factors of s(-6).
2, 3, 167
Let l(h) be the second derivative of -5*h**3/3 + 4*h**2 + 12*h. Let t be l(9). What are the prime factors of (t - -6)*(-1 + 0)?
2, 19
Let a be (-3)/((-21)/(-15) + (2 - 4)). Suppose 917 + 693 = a*d. What are the prime factors of d?
2, 7, 23
Suppose 4*b - 8 - 36 = 0. Suppose n + 2*s - b = 0, 4*s + 18 = 2. List the prime factors of n.
19
Let q(k) = -k**3 - 17*k**2 + 17*k - 20. Let s be q(-18). List the prime factors of (-238)/s + -11 + 13.
11
Let j(f) = -2*f**2 - 3*f - 3. Let c be j(-3). Let h = -10 - c. Suppose h*i - 3*i = -4. List the prime factors of i.
2
Let h(o) be the second derivative of o**4/6 - o**3/3 - 3*o**2/2 + 4*o. Let k be h(3). Suppose 3*j = -0 + k. List the prime factors of j.
3
Suppose 3*d - 3204 = -i + 52, 5*i = -d + 16238. What are the prime factors of i?
17, 191
List the prime factors of (2 - 4)*1282*(-1)/2.
2, 641
Suppose q - 434 = -5*t, -4*q - t + 416 + 1358 = 0. What are the prime factors of q?
2, 3, 37
Let g be (12/(-10))/((-7)/35). Suppose -3*a + g*a = -4*l + 172, -a = -l - 69. What are the prime 